) + 74. Suppose 169 = 4*p - a. Calculate the highest common factor of p and f.
15
Suppose 3*o + 67 = -5*n + n, 0 = -3*n + 5*o - 14. Let k(t) = 4*t + 93. Let i be k(n). What is the greatest common factor of i and 779?
41
Let k = -1873 - -6880. Suppose k = 29*b + 657. What is the highest common factor of 30 and b?
30
Suppose -36 = -7*q + 97. Let o(l) = -l**2 + 51*l - 79. Let d be o(40). Calculate the highest common divisor of d and q.
19
Suppose 0 = -5*u - 5*r + 190, -u + 18*r - 13*r + 80 = 0. What is the highest common divisor of u and 1161?
9
Let n be (15840/70)/(3*5/105). Let m = n + -1569. Let a be (-13)/(-3) - (-2)/3. Calculate the greatest common factor of m and a.
5
Suppose 0 = 5*d + 267*k - 271*k - 210, 5*k = 25. Let q = 158 - 89. Calculate the greatest common factor of q and d.
23
Suppose -6*a + 3 = -t - 5*a, -4*a + 12 = 2*t. Suppose 5*h + k - 196 = t, 12 = -29*k + 26*k. Calculate the greatest common factor of 30 and h.
10
Suppose -8 = -b + 2*r + 9, 4*b - 88 = -2*r. Let k = 36 - b. Let n(i) = 5*i - 25. Let m be n(k). Calculate the highest common factor of 20 and m.
10
Let j = 102 - 34. Let s = 1196 - 448. What is the highest common divisor of s and j?
68
Let i be (0 - 532/(-10)) + 2/(-10). Let k = i - 21. Suppose 0*g = r - 2*g + 4, 4*r + 2*g - 24 = 0. Calculate the highest common divisor of r and k.
4
Let t = -325 - -361. Suppose t + 54 = 6*k. Calculate the highest common divisor of 195 and k.
15
Suppose 5*z + 121 = 4*w, 5*w + 4*z - 11 - 171 = 0. What is the greatest common factor of 3196 and w?
34
Let h be 229910/1662 + (20/6)/2. What is the greatest common divisor of h and 12040?
140
Let n = 24753 + -24615. Calculate the greatest common divisor of 198 and n.
6
Suppose 2*y = 4*v + 19 + 11, 0 = 4*v. Suppose -s + 67 = y*w - 12*w, w = 2*s + 34. What is the greatest common factor of w and 56?
8
Suppose -5*n + 2*n - 6 = 0, g - 718 = -n. What is the highest common divisor of 3456 and g?
144
Let l be -1 + -2 - (-5 + 1). Let n be (l - -7) + -3 + (4 - 5). Suppose n*u = -2*p + 26, -2*u - 3 = 1. Calculate the greatest common factor of p and 187.
17
Let d be (-3)/9 + 16/3. Suppose d - 21 = 4*g, 3*x + 5*g - 595 = 0. Calculate the highest common divisor of 82 and x.
41
Suppose -16 = 3*g - 5*q, 3*q = 3*g + 8 - 2. Let a(c) = c**3 + 5*c**2 - 4*c + 6. Let o be a(-3). Calculate the highest common divisor of g and o.
3
Let s be 18/(-4)*(-12)/9. Let q = 69 + -69. Suppose q = -2*c + 4*z - z + 18, -3*c = 5*z - 46. What is the greatest common divisor of s and c?
6
Let o be ((0 + 1)*-31)/(0 + -1). Suppose 1116 = 26*a - 17*a. Calculate the highest common divisor of a and o.
31
Suppose 5*f - 7 - 23 = 0. Suppose -g = -f*g + 40. Let a = 198 + -190. What is the greatest common factor of a and g?
8
Let g = -11 + 18. Let r(v) = -3*v**2 + 2*v - 3. Let a be r(g). Let k = -10 - a. What is the greatest common divisor of 14 and k?
14
Let p = 33 - -24. Let m = p + -57. Suppose -38*z + 37*z + 45 = m. What is the greatest common factor of z and 5?
5
Let a be (450/(-4))/(168/(-1456)). What is the highest common factor of a and 15?
15
Suppose -407 = 46*x - 49*x - i, 681 = 5*x + 2*i. What is the greatest common divisor of 3667 and x?
19
Let w = 4290 - 3975. What is the greatest common divisor of w and 5460?
105
Let a = 15600 + -15445. Calculate the highest common factor of 35 and a.
5
Let r be -3 + 3 - (-100 - 1). Let l(o) = 27*o - 54. Let f be l(-13). Let t = r - f. Calculate the highest common divisor of t and 46.
46
Let b(r) = -1454*r + 288. Let t be b(-3). What is the greatest common divisor of t and 186?
186
Let h(g) = -g**3 + 6*g**2 + 12*g - 23. Let z be h(7). Let b be (40/24)/(12/216). Calculate the greatest common factor of z and b.
6
Suppose 1155542 = 407*d - 360*d. What is the highest common divisor of 38 and d?
38
Let p = 12640 - 12638. What is the greatest common factor of 3466 and p?
2
Let z be (-264231)/(-6) + 294/(-245)*10/(-8). What is the greatest common divisor of 120 and z?
120
Let v be (190/(-15))/(4/(-1992) + 0). Calculate the highest common factor of v and 76.
76
Suppose 8 = j + 3*j, -4*j = 3*s - 2507. Calculate the highest common divisor of 34 and s.
17
Let n = 161 - 139. Let v = -1 + n. What is the greatest common divisor of v and 28?
7
Suppose -3*p + 2192 = 2*s, -4*s + 1036 = 2*p - 436. Calculate the greatest common divisor of 1400 and p.
56
Suppose 55*j + 49*j - 224952 = 0. What is the highest common factor of j and 189?
21
Let o be ((-10)/(-5))/(2/(-15)). Let q be (o/9)/(2/(-660)). What is the highest common factor of 50 and q?
50
Suppose 0*s + 5*s + s - 18438 = 0. Calculate the greatest common factor of s and 7.
7
Let r = 686 + 449. Suppose 17*u + 319 - r = 0. What is the greatest common factor of 48 and u?
48
Let s be 12*(484/(-88))/(-1 + -1). Suppose 0 = 5*g - s*g + 1120. Calculate the highest common factor of 70 and g.
10
Let g be (-3530)/(-20) + 2/(-4). Suppose -4*o = -8, 5*d - d = -3*o + 26. Suppose -d*p = -0*p - 110. Calculate the highest common factor of p and g.
22
Suppose -249*y = -255*y + 2100. What is the greatest common divisor of 35 and y?
35
Suppose 23*p = 2262 + 4079 + 4285. Calculate the highest common divisor of p and 154.
154
Let c be (-13 - 1) + ((-6)/(-6) - -2). Let i(u) = u**2 + 13*u + 31. Let k be i(c). What is the greatest common factor of 6 and k?
3
Let d(f) = -3196*f - 3344. Let v be d(-11). Calculate the greatest common factor of v and 66.
66
Let g(z) = -4*z**2 + 122*z + 335. Let a be g(33). Calculate the highest common divisor of 2965 and a.
5
Suppose 118 + 131 = 2*m + 5*a, -a = 3*m - 380. Let k = 130 - m. Suppose -2*j - 2*i = -86, -5*i + k + 132 = 3*j. What is the highest common divisor of 8 and j?
8
Suppose -2*n = -122 - 48. Let i be 685 - 677 - ((-416 - 2) + 1). What is the highest common divisor of i and n?
85
Let t be (-714)/(-1547) + 3264/26. What is the greatest common divisor of 168 and t?
42
Suppose 347 = 2*z + 17*l - 20*l, z - 175 = 3*l. What is the highest common divisor of z and 7138?
86
Suppose 1363 = -92*k - 34*k + 11947. Calculate the highest common factor of 1932 and k.
84
Suppose 3*q + 0*q = -5*d + 23886, 0 = 5*d - q - 23878. Let w = d - 1116. Let t be w/70 + (-2)/7. What is the greatest common factor of 4 and t?
4
Let l = -22 - -36. Suppose -4*n + 136 = 4*z, -5*z - 5*n + 180 = -2*n. Let s = -18 + z. What is the highest common factor of s and l?
7
Let b(t) = -t**3 - 12*t**2 + 56*t + 168. Let g be b(-15). Calculate the greatest common factor of 14739 and g.
3
Suppose -46*g + 47*g = 2. Suppose t - 348 = -5*k - 133, g*t = -5*k + 220. What is the greatest common divisor of k and 49?
7
Let t be ((-270)/(-360))/(3/270*(-10)/(-28)). Let y be 3*2 + (1 - 0). Calculate the greatest common divisor of t and y.
7
Let g(o) = 83 - 10*o + 21*o - 5*o - 8*o. Let z be g(-9). Suppose z = 3*p - 5*f - 173, -8 = 4*f. What is the greatest common divisor of 132 and p?
44
Suppose 2*b + 5*x - 17 = 23, b - 3*x = -13. What is the highest common factor of 16145 and b?
5
Let c = -8 - -5. Let b(h) be the third derivative of -h**4/8 + h**3 + 45*h**2 - h. Let j be b(c). What is the greatest common divisor of j and 75?
15
Let y(s) = -9*s**2 - 13*s + 1. Let g be y(7). Let w = -503 - g. What is the greatest common divisor of w and 84?
28
Let x(p) = 27*p**2 - p**3 + 4 - 2 - 26*p**2 + 3. Let n be x(0). What is the highest common divisor of 20 and n?
5
Suppose -18*d = -25*d - 77. Let k = 43 + d. What is the highest common factor of k and 288?
32
Let a(x) = x**3 + 11*x**2 - 20*x - 13. Let o be a(-13). Let p be 9/((-7)/(o + 0)). Calculate the highest common divisor of 13 and p.
13
Let y(q) be the first derivative of 30*q**2 - 8*q + 61. Let x be y(1). Calculate the highest common factor of 572 and x.
52
Suppose -5*b + 113 = 3*y, 3*y + 4*b - 69 - 40 = 0. Suppose 0 = 4*l + 15 - y. Let a be 141/l - 1/4. What is the highest common factor of 7 and a?
7
Suppose -4*m = -6*m - 120. Let t = m + 56. Let h be ((-4)/16*t)/(2/6). Calculate the greatest common divisor of 2 and h.
1
Suppose -5*b - 321 = z - 1827, 0 = 2*b + 4*z - 606. Let g be (49278/(-764))/(((-6)/4)/1). Calculate the greatest common divisor of b and g.
43
Suppose 25*l - 47*l = -25*l + 333. Calculate the greatest common divisor of 1184 and l.
37
Let i(l) = l**2 - 11*l - 22. Let a be i(-4). Le